True
Is 272381 a prime number?
True
Is 382982 prime?
False
Is 430979 composite?
False
Is 49613 composite?
False
Is 53527 a prime number?
True
Is 1892005 a prime number?
False
Is 155003 prime?
True
Is 29947 composite?
False
Is 7669 composite?
False
Is 61507 prime?
True
Is 125471 prime?
True
Is 2749 a composite number?
False
Is 13291 composite?
False
Is 167723 a prime number?
False
Is 113749 prime?
True
Is 2153 prime?
True
Is 13939 a composite number?
True
Is 141261 composite?
True
Is 1019971 composite?
False
Is 43037 a composite number?
False
Is 3709 a composite number?
False
Is 173198 a composite number?
True
Is 28415 prime?
False
Is 160861 prime?
True
Is 118497 a composite number?
True
Is 5471 a composite number?
False
Is 5387 a prime number?
True
Is 72859 a composite number?
False
Is 12821 composite?
False
Is 18727 a prime number?
False
Is 626719 a composite number?
True
Is 51609 composite?
True
Is 136385 prime?
False
Is 24197 prime?
True
Is 45281 composite?
False
Is 209639 prime?
True
Is 78737 a prime number?
True
Is 1151 composite?
False
Is 1407545 a prime number?
False
Is 856927 a prime number?
True
Is 85049 a prime number?
True
Is 8331 a composite number?
True
Is 503299 a composite number?
True
Is 37987 a composite number?
False
Is 2237 composite?
False
Is 47303 a prime number?
True
Is 1744223 prime?
False
Is 23957 composite?
False
Is 68007 composite?
True
Is 29011 a prime number?
False
Is 27137 prime?
False
Is 17377 a composite number?
False
Is 54449 composite?
False
Is 958729 a prime number?
True
Is 90107 a prime number?
True
Is 80462 prime?
False
Is 240457 a prime number?
False
Is 10049 composite?
True
Is 83137 prime?
True
Is 35023 prime?
True
Is 543719 prime?
False
Is 6343 a prime number?
True
Is 79687 a prime number?
True
Is 215755 composite?
True
Is 649309 a composite number?
True
Is 66149 a prime number?
False
Is 227299 a composite number?
False
Is 72857 prime?
False
Is 1406803 prime?
True
Is 1209437 a prime number?
True
Is 4666 prime?
False
Is 4481 prime?
True
Is 42979 a prime number?
True
Is 1134013 composite?
True
Is 94499 a composite number?
True
Is 25889 prime?
True
Is 75039 prime?
False
Is 493 prime?
False
Is 129665 prime?
False
Is 21269 composite?
False
Is 23809 a prime number?
False
Is 34711 composite?
True
Is 32297 prime?
True
Is 1574 composite?
True
Is 8157 prime?
False
Is 185083 a prime number?
False
Is 29629 a composite number?
False
Is 21313 a prime number?
True
Is 1913 prime?
True
Is 16127 composite?
False
Is 274661 a composite number?
False
Is 527327 prime?
True
Is 114407 composite?
False
Is 186079 composite?
True
Is 1559035 a composite number?
True
Is 21781 composite?
True
Is 6619 a composite number?
False
Is 4883 a prime number?
False
Is 13649 composite?
False
Is 24397 composite?
True
Is 8081 a prime number?
True
Is 54737 composite?
True
Is 2183 composite?
True
Is 17891 composite?
False
Is 59497 composite?
False
Is 6233 a prime number?
False
Is 189239 a composite number?
False
Is 41045 a composite number?
True
Is 154563 prime?
False
Is 2789 a composite number?
False
Is 51154 prime?
False
Is 37747 a prime number?
True
Is 4241 a composite number?
False
Is 2953 prime?
True
Is 21469 prime?
False
Is 24611 a composite number?
False
Is 202795 prime?
False
Is 108679 prime?
False
Is 61627 a prime number?
True
Is 3101 a prime number?
False
Is 266023 a composite number?
False
Is 19171 a prime number?
False
Is 1205 a composite number?
True
Is 2437 composite?
False
Is 1418 a composite number?
True
Is 307471 a composite number?
False
Is 61331 a prime number?
True
Is 43481 a prime number?
True
Is 11789 composite?
False
Is 181 a composite number?
False
Is 3147 a composite number?
True
Is 2538971 a prime number?
True
Is 315779 prime?
True
Is 60689 composite?
False
Is 38501 composite?
False
Is 434939 a prime number?
True
Is 1424513 composite?
False
Is 36107 a prime number?
True
Is 51217 a prime number?
True
Is 95671 a prime number?
False
Is 6805 a prime number?
False
Is 6757 a composite number?
True
Is 1071223 composite?
False
Is 188329 a prime number?
False
Is 405785 composite?
True
Is 2923 prime?
False
Is 578267 composite?
False
Is 77929 a prime number?
True
Is 3205 a prime number?
False
Is 5383 a composite number?
True
Is 1541 a composite number?
True
Is 52571 a prime number?
True
Is 4229 composite?
False
Is 4259 a composite number?
False
Is 1454 a prime number?
False
Is 266467 a composite number?
True
Is 431971 composite?
True
Is 701023 prime?
True
Is 4083 composite?
True
Is 45599 a composite number?
False
Is 19103 a composite number?
True
Is 3011 prime?
True
Is 14941 a composite number?
True
Is 120895 a composite number?
True
Is 3046 a prime number?
False
Is 3631 composite?
False
Is 32491 composite?
False
Is 2777 a composite number?
False
Is 38297 a composite number?
True
Is 274306 a prime number?
False
Is 606743 composite?
False
Is 383549 a prime number?
True
Is 17521 composite?
True
Is 104231 prime?
True
Is 923 a composite number?
True
Is 3425021 composite?
False
Is 49285 composite?
True
Is 383585 composite?
True
Is 126979 composite?
True
Is 6257 prime?
True
Is 11617 a prime number?
True
Is 100511 composite?
False
Is 13285573 a composite number?
True
Is 51549 a composite number?
True
Is 748169 prime?
True
Is 83761 prime?
True
Is 2773 composite?
True
Is 160297 prime?
False
Is 315311 a prime number?
False
Is 22487 a prime number?
False
Is 3489857 a prime number?
False
Is 212149 a prime number?
False
Is 61601 composite?
True
Is 2227 a prime number?
False
Is 24441 composite?
True
Is 2939 composite?
False
Is 18599 prime?
False
Is 177209 a prime number?
True
Is 302449 a prime number?
False
Is 117197 prime?
False
Is 14951 a prime number?
True
Is 145 prime?
False
Is 40577 composite?
False
Is 2126203 composite?
False
Is 205195 composite?
True
Is 1007 composite?
True
Is 689 a prime number?
False
Is 3989 prime?
True
Is 96517 a composite number?
False
Is 4197 a prime number?
False
Is 7349 composite?
False
Is 1853 prime?
False
Is 719013 a prime number?
False
Is 94513 prime?
True
Is 1361 composite?
False
Is 3595 a composite number?
True
Is 633 prime?
False
Is 22063 a composite number?
False
Is 131401 a composite number?
True
Is 25613 a composite number?
True
Is 10297 a composite number?
True
Is 330323 prime?
False
Is 169987 a prime number?
True
Is 528877 prime?
True
Is 837631 prime?
True
Is 4951 a prime number?
True
Is 419 a composite number?
False
Is 94993 a prime number?
True
Is 44483 a composite number?
False
Is 9467 composite?
False
Is 136709 a prime number?
True
Is 34735 prime?
False
Is 111949 a composite number?
False
Is 2579 a composite number?
False
Is 17774 a prime number?
False
Is 102043 a prime number?
True
Is 2719 composite?
False
Is 17723 a composite number?
True
Is 184565 a composite number?
True
Is 997 composite?
False
Is 95899 a prime number?
False
Is 327941 a composite number?
False
Is 274517 a prime number?
True
Is 62891 prime?
False
Is 519349 composite?
False
Is 1779457 a prime number?
True
Is 11819 prime?
False
Is 33767 a composite number?
False
Is 60353 a prime number?
True
Is 67877 prime?
False
Is 12587 prime?
False
Is 45219 a prime number?
False
Is 391789 a prime number?
True
Is 3092857 a composite number?
False
Is 142705 prime?
False
Is 155807 composite?
True
Is 6779 prime?
True
Is 11429 a prime number?
False
Is 64103 a prime number?
False
Is 182053 a composite number?
True
Is 484571 a composite number?
True
Is 8465 a prime number?
False
Is 21059 a prime number?
True
Is 11821 a composite number?
False
Is 197741 composite?
False
Is 4267 a prime number?
False
Is 80966 a composite number?
True
Is 32297 prime?
True
Is 105607 a composite number?
False
Is 6166505 prime?
False
Is 1481027 composite?
False
Is 174793 a prime number?
False
Is 19171 composite?
True
Is 344017 composite?
False
Is 1977 a prime number?
False
Is 767801 a prime number?
False
Is 1081082 prime?
False
Is 210451 a composite number?
True
Is 1033987 composite?
False
Is 663709 prime?
True
Is 26689 a prime number?
False
Is 3511 a composite number?
False
Is 1726913 a composite number?
False
Is 11299 a composite number?
False
Is 21718 a prime number?
False
Is 128591 prime?
True
Is 630635 a composite number?
True
Is 60821 a composite number?
False
Is 1927